4) to base 4.
12002020110
What is -1015404 (base 8) in base 7?
-2200301
What is 2121101020 (base 3) in base 10?
51306
What is 3440 (base 13) in base 16?
1c97
What is 780593 (base 10) in base 5?
144434333
Convert -11120331121 (base 4) to base 6.
-50141241
Convert 9980 (base 11) to base 15.
3d71
-12000000121 (base 3) to base 6
-2035411
-111101210 (base 5) to base 4
-1313010000
Convert -1ed51 (base 16) to base 9.
-212211
What is 1666542 (base 7) in base 15?
49a70
What is -13311333220 (base 4) in base 15?
-2a937d
What is -5703 (base 11) in base 4?
-1311101
1636636 (base 9) to base 14
199a63
Convert 603b1 (base 12) to base 5.
12444411
-10011101110111000101011 (base 2) to base 14
-9891a3
What is 456a8 (base 12) in base 13?
331a3
220000221100 (base 3) to base 6
14050100
1124002 (base 8) to base 9
514530
Convert 4354413 (base 6) to base 12.
a5a09
371c43 (base 13) to base 6
44130130
Convert 11110110000000100 (base 2) to base 13.
4543c
-1010111001010001 (base 2) to base 6
-542333
Convert 1000001101111001111 (base 2) to base 13.
95737
-201010111021202 (base 3) to base 5
-10100303424
Convert 5078d (base 16) to base 12.
13a8b9
-71848 (base 10) to base 4
-101202220
What is 2344422 (base 6) in base 16?
1dfde
What is -33123232111 (base 4) in base 9?
-7545611
What is 110110111110011101110 (base 2) in base 7?
21212024
29a7759 (base 11) to base 13
10b399a
What is -104100551 (base 6) in base 11?
-1070153
Convert -3627043 (base 10) to base 11.
-2058062
-1178903 (base 10) to base 4
-10133310113
What is -30155752 (base 8) in base 12?
-2161576
What is 33340232 (base 6) in base 14?
1c36b2
What is 5323336 (base 7) in base 16?
9d63f
Convert -50a503 (base 11) to base 14.
-174765
Convert -11011120122 (base 3) to base 6.
-1431542
What is 132031311 (base 4) in base 6?
2352553
51a814 (base 11) to base 13
232905
Convert 11613405 (base 7) to base 6.
34225013
-196683 (base 12) to base 16
-6d143
Convert 1121022102010 (base 3) to base 15.
11c8d6
123504514 (base 6) to base 12
98813a
14259391 (base 10) to base 5
12122300031
-221776 (base 8) to base 4
-102033332
4463a5 (base 11) to base 3
1100010121221
Convert 413042244 (base 6) to base 5.
3312102314
What is 24728 (base 9) in base 4?
10003313
100010001101110010001 (base 2) to base 4
10101232101
What is -171672 (base 8) in base 2?
-1111001110111010
Convert -11424435 (base 8) to base 2.
-1001100010100100011101
4ab6665 (base 12) to base 7
235464344
10111110100010001 (base 2) to base 5
11110203
-2e3c20 (base 15) to base 5
-1033142410
Convert -301214 (base 9) to base 3.
-100001020111
What is -217856 (base 10) in base 4?
-311030000
-215006 (base 8) to base 9
-120030
What is ee3d (base 16) in base 6?
1150205
Convert 12023 (base 8) to base 2.
1010000010011
-231240414 (base 5) to base 13
-2a5565
What is -22a3a7 (base 11) in base 5?
-43141144
Convert 1440214 (base 7) to base 5.
22211330
What is -2a261a (base 12) in base 3?
-1100001001211
Convert 1b54806 (base 12) to base 11.
3325922
What is 122021012122 (base 3) in base 11?
21238a
1a74d5a (base 14) to base 2
110010010100010010010100
11000111010110110101 (base 2) to base 8
3072665
123122110 (base 4) to base 8
333224
2200011103 (base 4) to base 5
131440244
Convert -111110001100101000 (base 2) to base 11.
-164450
-16109 (base 12) to base 10
-31257
What is 2e24b8 (base 15) in base 8?
10415673
Convert -3a93499 (base 12) to base 7.
-200633166
Convert 100001110111011011 (base 2) to base 16.
21ddb
Convert 3ad891 (base 16) to base 9.
7227142
What is 3c13 (base 13) in base 4?
2012323
What is -101001110010000011010101 (base 2) in base 9?
-22543517
89d218 (base 15) to base 9
13331145
-e4a9bb (base 15) to base 12
-3782405
Convert 144b1 (base 15) to base 11.
44a85
What is -1101111100011101000101 (base 2) in base 6?
-210203325
-15444a (base 11) to base 8
-724766
4555d1 (base 15) to base 2
1100100111110100010101
b2260 (base 14) to base 7
3433250
Convert 440544320 (base 6) to base 2.
11110000100100111111000
-1a329 (base 15) to base 11
-58a24
What is 2213400 (base 5) in base 10?
38600
What is -221313101 (base 4) in base 13?
-60083
-16183645 (base 9) to base 12
-285b3a2
What is 470a2 (base 13) in base 14?
35403
What is -43110423 (base 7) in base 12?
-1289a10
What is 4400221031 (base 5) in base 4?
203302223301
Convert 34a016a (base 13) to base 9.
33518734
What is 971a8 (base 12) in base 14?
5273a
What is 6680801 (base 9) in base 10?
3596077
-2021021010 (base 3) to base 14
-123c1
What is -150159 (base 10) in base 9?
-247873
-126037 (base 9) to base 15
-17a54
What is 14165441 (base 7) in base 9?
2442628
Convert ac82a (base 15) to base 7.
4443250
45330270 (base 8) to base 12
3351188
What is -1434b6 (base 14) in base 12?
-299588
Convert -101581 (base 10) to base 15.
-20171
What is -26003034 (base 7) in base 11?
-1368691
Convert 12031031013 (base 4) to base 15.
2220d6
What is -523237 (base 14) in base 5?
-1202242000
-8754c (base 14) to base 16
-4ffa0
What is 249527 (base 14) in base 4?
10302121233
-5481a9 (base 12) to base 11
-836734
What is 113200313230 (base 4) in base 2?
10111100000110111101100
-103221320030 (base 4) to base 16
-4e9e0c
Convert 1204801 (base 11) to base 8.
10005364
220202200 (base 5) to base 2
11100110011110110010
What is 52a4b20 (base 12) in base 8?
73531510
Convert 31441430 (base 6) to base 10.
923130
4657664 (base 8) to base 10
1269684
What is 21212101 (base 4) in base 15?
b9ad
110135 (base 10) to base 11
75823
What is 4707037 (base 8) in base 10?
1281567
260205 (base 7) to base 5
3014443
Convert -28915 (base 16) to base 6.
-3321141
Convert 10001001010101011011000 (base 2) to base 5.
2123001214
Convert 3973b (base 14) to base 3.
21011220220
What is -23852b (base 12) in base 14?
-10d4c3
Convert 19b6a (base 12) to base 4.
21101002
What is -600307 (base 8) in base 10?
-196807
What is 103c2 (base 13) in base 15?
89d6
Convert -3433534 (base 6) to base 8.
-527302
-20022201011002 (base 3) to base 9
-6281132
Convert -2025420 (base 6) to base 15.
-1dbb0
141322243 (base 5) to base 11
459262
Convert 3b26a9 (base 13) to base 7.
15120404
241084 (base 15) to base 7
20442265
What is 80894 (base 11) in base 10?
118199
Convert -2212233133 (base 4) to base 11.
-427147
Convert 50108 (base 16) to base 3.
121122212002
Convert 26823a (base 12) to base 4.
2123111032
110111100111011101 (base 2) to base 14
5d03b
What is 104d836 (base 14) in base 9?
15466460
What is 3203320 (base 6) in base 9?
257343
What is 167720 (base 14) in base 12?
320680
Convert 110619 (base 10) to base 3.
12121202000
Convert -10013441 (base 5) to base 3.
-11000201001
102793 (base 12) to base 8
756737
Convert -5188c3 (base 16) to base 3.
-101001110210201
-1b664 (base 12) to base 3
-2001210211
Convert -23702 (base 15) to base 3.
-12201221102
Convert -37d6ad (base 14) to base 15.
-27da90
Convert 153431 (base 9) to base 6.
2005001
What is 201220021110 (base 3) in base 11?
2482a8
Convert 9ab86 (base 14) to base 13.
101b85
What is -c6e5 (base 15) in base 4?
-22101101
21542346 (base 7) to base 16
1c5ea9
-1ca76b (base 13) to base 11
-463a13
Convert 10103403 (base 5) to base 10.
81728
Convert 2a12d2 (base 14) to base 11.
90a2a7
1441330434 (base 5) to base 2
1110101101001100001111
Convert -582aaa (base 13) to base 15.
-2b491c
Convert -100222100002022 (base 3) to base 14.
-9bdd9c
Convert 221010330101 (base 4) to base 6.
1022444305
Convert 2070712 (base 8) to base 16.
871ca
1406751 (base 9) to base 15
103dd4
-230570 (base 12) to base 15
-b11d6
Convert 21210011011122 (base 3) to base 10.
4136471
What is 4ca396 (base 15) in base 8?
16022516
What is 21222202211 (base 3) in base 9?
258684
Convert -663626 (base 8) to base 9.
-370057
Convert -32004431 (base 5) to base 9.
-445183
104041505 (base 6) to base 8
7107721
What is 1632336 (base 11) in base 14?
526c62
Convert -195de (base 16) to base 4.
-121113132
What is b7668 (base 15) in base 7?
4642433
What is -546524 (base 7) in base 6?
-2020132
What is -1a14167 (base 11) in base 8?
-14764766
2110212200021 (base 3) to base 6
44114054
-3878387 (base 9) to base 14
-3d2228
What is -73173 (base 11) in base 5?
-11403211
What is -1316cb (base 13) in base 4?
-1300121002
-74c03 (base 13) to base 7
-1535264
What is -12311202310 (base 4) in base 5?
-424322210
-133220210002 (base 4) to base 7
-130325464
37261410 (base 8) to 